at is the remainder when 24756 is divided by 1726?
592
Calculate the remainder when 4090 is divided by 4023.
67
Calculate the remainder when 9281 is divided by 4621.
39
What is the remainder when 126738 is divided by 75?
63
Calculate the remainder when 312059 is divided by 28.
27
What is the remainder when 1092 is divided by 525?
42
Calculate the remainder when 47104 is divided by 11771.
20
Calculate the remainder when 36937 is divided by 1231.
7
Calculate the remainder when 237136 is divided by 20.
16
Calculate the remainder when 169935 is divided by 41.
31
What is the remainder when 8826 is divided by 245?
6
What is the remainder when 2109 is divided by 121?
52
Calculate the remainder when 199320 is divided by 67.
62
What is the remainder when 233958 is divided by 12?
6
What is the remainder when 353 is divided by 67?
18
What is the remainder when 4008 is divided by 334?
0
What is the remainder when 2661 is divided by 534?
525
What is the remainder when 7005 is divided by 6837?
168
What is the remainder when 7855 is divided by 39?
16
What is the remainder when 2043597 is divided by 5?
2
Calculate the remainder when 147596 is divided by 146.
136
Calculate the remainder when 40438 is divided by 33.
13
What is the remainder when 43907 is divided by 2582?
13
Calculate the remainder when 2310 is divided by 50.
10
What is the remainder when 517739 is divided by 17?
4
What is the remainder when 25591 is divided by 108?
103
What is the remainder when 11377 is divided by 11326?
51
Calculate the remainder when 4676 is divided by 779.
2
What is the remainder when 749 is divided by 86?
61
What is the remainder when 8108 is divided by 48?
44
What is the remainder when 24835 is divided by 35?
20
Calculate the remainder when 23533 is divided by 79.
70
What is the remainder when 3966 is divided by 976?
62
What is the remainder when 20861 is divided by 64?
61
What is the remainder when 437111 is divided by 39?
38
Calculate the remainder when 27326 is divided by 667.
646
Calculate the remainder when 14306 is divided by 251.
250
Calculate the remainder when 848101 is divided by 106.
101
Calculate the remainder when 13155 is divided by 26.
25
Calculate the remainder when 8684 is divided by 4341.
2
What is the remainder when 675965 is divided by 64?
61
What is the remainder when 7076 is divided by 7065?
11
Calculate the remainder when 109573 is divided by 225.
223
Calculate the remainder when 87731 is divided by 364.
7
Calculate the remainder when 3079 is divided by 6.
1
What is the remainder when 930 is divided by 488?
442
Calculate the remainder when 659 is divided by 13.
9
Calculate the remainder when 3276 is divided by 403.
52
Calculate the remainder when 41168 is divided by 20540.
88
Calculate the remainder when 636 is divided by 212.
0
What is the remainder when 15776 is divided by 405?
386
What is the remainder when 13441 is divided by 13346?
95
Calculate the remainder when 6448 is divided by 339.
7
What is the remainder when 3636 is divided by 35?
31
What is the remainder when 1385 is divided by 623?
139
Calculate the remainder when 23453 is divided by 75.
53
Calculate the remainder when 14508 is divided by 33.
21
What is the remainder when 2002 is divided by 559?
325
Calculate the remainder when 58293 is divided by 42.
39
Calculate the remainder when 7498 is divided by 754.
712
What is the remainder when 234719 is divided by 6?
5
What is the remainder when 184633 is divided by 2337?
10
What is the remainder when 15692 is divided by 148?
4
What is the remainder when 70742 is divided by 296?
294
Calculate the remainder when 7112324 is divided by 2035.
2034
Calculate the remainder when 1079 is divided by 245.
99
What is the remainder when 3552 is divided by 896?
864
Calculate the remainder when 41376 is divided by 57.
51
Calculate the remainder when 4873 is divided by 23.
20
What is the remainder when 55960 is divided by 123?
118
Calculate the remainder when 16076 is divided by 46.
22
What is the remainder when 463422 is divided by 111?
108
What is the remainder when 3450 is divided by 510?
390
Calculate the remainder when 38445 is divided by 12.
9
What is the remainder when 262675 is divided by 1113?
7
What is the remainder when 20625 is divided by 3301?
819
Calculate the remainder when 65038 is divided by 212.
166
What is the remainder when 20404 is divided by 5?
4
What is the remainder when 4726 is divided by 772?
94
What is the remainder when 24476 is divided by 33?
23
What is the remainder when 2301 is divided by 2240?
61
What is the remainder when 11627 is divided by 298?
5
Calculate the remainder when 23932 is divided by 616.
524
What is the remainder when 9878 is divided by 47?
8
Calculate the remainder when 132804 is divided by 1562.
34
Calculate the remainder when 90662 is divided by 19.
13
What is the remainder when 4603 is divided by 2228?
147
What is the remainder when 28342 is divided by 109?
2
Calculate the remainder when 654 is divided by 219.
216
Calculate the remainder when 20872 is divided by 509.
3
Calculate the remainder when 36256 is divided by 4528.
32
What is the remainder when 218595 is divided by 40?
35
What is the remainder when 21284 is divided by 633?
395
Calculate the remainder when 40338 is divided by 301.
4
What is the remainder when 322431 is divided by 107476?
3
What is the remainder when 52270 is divided by 18?
16
Calculate the remainder when 4242 is divided by 963.
390
What is the remainder when 14668 is divided by 1293?
445
What is the remainder when 170 is divided by 30?
20
Calculate the remainder when 23461 is divided by 27.
25
What is the remainder when 6992 is divided by 6770?
222
Calculate the remainder when 55634 is divided by 5.
4
What is the remainder when 68623 is divided by 68591?
32
What is the remainder when 513147 is divided by 50?
47
Calculate the remainder when 434928 is divided by 19.
18
Calculate the remainder when 529 is divided by 383.
146
What is the remainder when 245925 is divided by 331?
323
Calculate the remainder when 10314 is divided by 1783.
1399
What is the remainder when 21985 is divided by 3662?
13
What is the remainder when 31126 is divided by 445?
421
Calculate the remainder when 823 is divided by 201.
19
Calculate the remainder when 9181 is divided by 217.
67
Calculate the remainder when 126562 is divided by 199.
197
Calculate the remainder when 17337 is divided by 2139.
225
Calculate the remainder when 1645554 is divided by 548516.
6
What is the remainder when 77464 is divided by 147?
142
Calculate the remainder when 54585 is divided by 79.
75
Calculate the remainder when 204814 is divided by 40947.
79
Calculate the remainder when 12123 is divided by 2425.
2423
What is the remainder when 55803 is divided by 350?
153
What is the remainder when 2628 is divided by 623?
136
Calculate the remainder when 46188 is divided by 2115.
1773
What is the remainder when 28444 is divided by 157?
27
What is the remainder when 7002 is divided by 1038?
774
Calculate the remainder when 3526 is divided by 2700.
826
Calculate the remainder when 3986 is divided by 97.
9
Calculate the remainder when 137276 is divided by 70.
6
Calculate the remainder when 32167 is divided by 126.
37
Calculate the remainder when 17581 is divided by 5819.
124
What is the remainder when 3633 is divided by 461?
406
Calculate the remainder when 110430 is divided by 51.
15
Calculate the remainder when 41722 is divided by 564.
550
What is the remainder when 1289 is divided by 436?
417
What is the remainder when 493 is divided by 117?
25
Calculate the remainder when 386 is divided by 62.
14
Calculate the remainder when 28413 is divided by 3551.
5
Calculate the remainder when 5290 is divided by 174.
70
What is the remainder when 20700 is divided by 48?
12
Calculate the remainder when 3127 is divided by 69.
22
What is the remainder when 9091 is divided by 275?
16
What is the remainder when 2118231 is divided by 18?
9
What is the remainder when 8194 is divided by 15?
4
Calculate the remainder when 536699 is divided by 1198.
1193
Calculate the remainder when 21225 is divided by 316.
53
Calculate the remainder when 1766665 is divided by 131.
130
What is the remainder when 6071 is divided by 190?
181
Calculate the remainder when 1552 is